 = -5*u - 5*k. Suppose -h = -3*l - 115, 587 = 5*h - u*l + l. What are the prime factors of 1/3 + h/6?
2, 5
Suppose z - 192 = -4*h + 5*z, 0 = 2*h - z - 93. Suppose -15 = -5*j + h. What are the prime factors of j?
2, 3
Let x = 0 - 0. List the prime factors of -2 + (x - 9*-1).
7
Let i(y) = -y**3 + 7*y**2 - 7*y + 3. Let l be i(6). Let o(j) = -2*j + 3. Let k be o(l). Let r = -2 + k. List the prime factors of r.
7
Suppose 3*y - y - 12 = 0. Let d = 1 + y. List the prime factors of d.
7
Let o = -10 - -42. List the prime factors of (0 - 2) + o + 2.
2
Let d = 1 + 4. Let i(c) = d*c - 4*c - 4*c + 3 - 5*c - c**2. List the prime factors of i(-7).
2, 5
Let x(q) = 272*q + 7. List the prime factors of x(1).
3, 31
Let k(f) = f**3 + 5*f**2 - 2*f - 6. Let r be k(-5). Suppose -3*c = r*x - 5, -3*c - 13 = -x - 38. What are the prime factors of c?
7
Suppose o - 2*o = 21. List the prime factors of (24/28)/((-3)/o).
2, 3
Let o = -25 - -73. List the prime factors of o.
2, 3
Let l = 22 - -4. List the prime factors of l.
2, 13
Let p(h) = -h**3 - 2*h**2 - h. Let s = -2 - 1. List the prime factors of p(s).
2, 3
Suppose 0 = 5*v - 26 + 6. List the prime factors of (-30)/v*(-72)/20.
3
Let g be -2 - (-1 + (-2 - -1)). Suppose -2*t + 4*b = 3*b + 42, g = 2*t - 2*b + 38. Let n = 32 + t. List the prime factors of n.
3
Suppose -5*y = 2*x + 97, 4*y - 5 = 5*y + 4*x. Let b = y + 34. List the prime factors of b.
13
Suppose -45 = -5*r + 35. What are the prime factors of r?
2
Let v = -13 + 27. List the prime factors of v.
2, 7
Let d(s) = 1 - 3 + 4 - 46*s**3 - 3 - s - s**2. What are the prime factors of d(-1)?
3, 5
Suppose 6*x - 15 = -3*m + 3*x, 5*m + 4*x - 22 = 0. Let p be ((2 - 2)/2)/m. Suppose 2*v + p*v = 8. What are the prime factors of v?
2
Let r = -79 - -119. List the prime factors of r.
2, 5
Let y(l) = -l**3 - 10*l**2 + l - 9. What are the prime factors of y(-11)?
101
Let w(n) = -3*n**3 - 2*n**2 - 2*n + 2. Let a be w(-2). Suppose a = x - 6. What are the prime factors of x?
2, 7
Suppose 65 = 4*f - 51. List the prime factors of f.
29
Suppose 8*i - 143 - 105 = 0. What are the prime factors of i?
31
Let w(s) be the second derivative of s**4/12 + 2*s**3/3 - s**2 + 4*s. Let v be -4 + 1 + 6/(-2). What are the prime factors of w(v)?
2, 5
Let q(p) = -12*p - 37. List the prime factors of q(-6).
5, 7
List the prime factors of (-4)/(1 + (-5 - -2)).
2
Suppose -5*n - 5*q + 45 = 0, -n + 3*n - 5*q - 46 = 0. Let h = 25 + n. What are the prime factors of h?
2, 19
Let b(k) = -7*k**3 - 9*k - 4*k + 12*k - k**2. Let p = 1 - 2. What are the prime factors of b(p)?
7
Let m(g) = g**2 - 6*g + 3. Let w(f) = f**3 - 7*f**2 - f + 9. Let r be w(7). Suppose r*a - 7 = 5. What are the prime factors of m(a)?
3
Let d(p) = p**3 - 5*p**2 + 4. Let l be d(5). Suppose 5*y = -2*n - l, -5*y + 5 = 5*n - 0*n. List the prime factors of n*(-6)/45*-5.
2
Let b = -5 + 7. Suppose -a = b*a. Let y(n) = n + 12. What are the prime factors of y(a)?
2, 3
Let w = -6 - -14. Let b be 2 + 1 + -1 + (-1 - -2). Suppose -b*y - 55 = -w*y. What are the prime factors of y?
11
Let l be ((-2)/(-4))/(9/(-126)). Let q(m) = -3*m + 4*m - 2 - 4*m. What are the prime factors of q(l)?
19
Let c(j) = 2*j**3 + 5*j**2 - j + 4. Let l be c(-4). Let t = l - -59. What are the prime factors of t?
19
Let q = 79 - 61. List the prime factors of q.
2, 3
Let u = -61 - -129. List the prime factors of u.
2, 17
Suppose -3*d = 5*m + 9 + 31, -8 = 4*m. Let o be (-4)/(-2) + d/(-2). Let z(f) = -f**3 + 6*f**2 + 8*f - 4. What are the prime factors of z(o)?
3
Let r(m) = m**2 + 9*m - 7. List the prime factors of r(-12).
29
Suppose -4*i + 170 = 5*m, 0 = 3*m + 4*i - 27 - 75. Suppose 3*j = 2*k + 2*k + m, -29 = -3*j - k. What are the prime factors of j?
2, 5
Let m = -152 - -324. List the prime factors of m.
2, 43
Let d = 420 - 142. Let m be 1/4 + d/8. Suppose 5*n - m = 4*f, -3*n - 3*f + 31 - 10 = 0. List the prime factors of n.
7
List the prime factors of (1/(-3))/((-3)/18).
2
Let q(d) = d**3 - 11*d**2 + 11*d - 9. Let k be q(10). Suppose -z = w + k, 3*w + 4*z = 5*z + 9. List the prime factors of w.
2
Let f = -3 - -5. Let r(c) = -c**3 + 4*c - 3. Let k be r(f). What are the prime factors of k - -3 - (2 + -11)?
3
Let d(n) be the first derivative of -n**4/2 - n**3 - n**2 + 4*n + 7. What are the prime factors of d(-3)?
37
Suppose 0 = -4*m + 2*i + 66, -3*i = -2*i - 3. Suppose 3*t - m = -0*t. List the prime factors of (-60)/8*(-8)/t.
2, 5
Let c(b) = -9*b - 9. Let t(i) = -5*i - 4. Let l(z) = 6*c(z) - 13*t(z). What are the prime factors of l(2)?
2, 5
What are the prime factors of 6*11 + 0 + -1?
5, 13
Let q(k) = 4*k**2 + 3*k - 8. What are the prime factors of q(-4)?
2, 11
Let t(c) = -c - 8. Let b be t(6). What are the prime factors of b*1*(-3)/6?
7
Suppose -4*q + 2*q + 5*y = 1, 5*q + 5*y - 15 = 0. What are the prime factors of q?
2
Let g be (1 - 2)*3 - -3. Suppose g = 15*o - 18*o + 102. List the prime factors of o.
2, 17
Let z(f) = 6*f**2 + 2*f + 1. Let w be z(-1). Suppose w*t + 3*a - 108 = -0*a, 4*a - 56 = -3*t. List the prime factors of t.
2, 3
Suppose 0 = v - 5*o + 17 - 74, v - o = 49. List the prime factors of v.
47
Let f = -6 + 10. List the prime factors of f.
2
Suppose -98 = -5*a - 4*t, 4*a + t - 85 = -0*t. What are the prime factors of a?
2, 11
Let v = 1 - 5. Let i(s) = -s - 10. Let f be i(-4). What are the prime factors of (1 - v) + (-4 - f)?
7
Let v(r) = -3 - 4*r + 2*r - 4*r. What are the prime factors of v(-4)?
3, 7
Suppose -2*z + z = -6. Suppose -p + s = 3*p - 54, 2*p + 2*s = 32. Suppose -z = -4*q + p. What are the prime factors of q?
5
Suppose 0 = 5*q - 3*q - 34. What are the prime factors of q?
17
Let q = 17 - 28. Let o = q - -18. List the prime factors of o.
7
Let a(j) be the third derivative of 0 + 1/20*j**5 - 1/6*j**4 + 1/3*j**3 + 2*j**2 + 0*j. What are the prime factors of a(3)?
17
List the prime factors of (-2)/(-11) - (0 - (-1974)/(-33)).
2, 3, 5
Suppose 4*i - 5*i = 2*x - 13, 4*x + 5*i - 29 = 0. Suppose -3*c + d = -29, -4*d + 10 = -4*c + x*c. What are the prime factors of c?
3
Suppose -2*y + 2*h + 34 = -0*y, y = -2*h + 8. Let z = 1 + y. What are the prime factors of z?
3, 5
Let j be (75/6 + 0)*2. Suppose 0 = 3*v + 2*v - j. Suppose 3*d + 4 = 1, v*a + 5*d = 50. What are the prime factors of a?
11
Let d(s) = 3*s**2 + 2*s - 2. List the prime factors of d(1).
3
Let q be -1*(-3)/(-1) + 6. Suppose -3*i + 0 = -q. Suppose 5*o = -i + 66. List the prime factors of o.
13
Suppose -5*x + 48 = -0*g + g, 269 = 5*g - 4*x. Suppose 0 = -5*l + 19 + 21. Suppose 5*i + 4*a = g, 2*i - a = 4*a + l. What are the prime factors of i?
3
Let y(b) be the first derivative of 11*b**3/3 - 5*b**2/2 + 5*b + 8. What are the prime factors of y(2)?
3, 13
Suppose -3*o = -5*o + 78. List the prime factors of o.
3, 13
Let p = 23 - -21. List the prime factors of p.
2, 11
Suppose 0 = -2*a + 6, -3*g - 4*a - 9 = -9*a. List the prime factors of ((-7)/g)/((-2)/4).
7
Let q(j) = j**3 + 7*j**2 + j + 10. Let k be q(-7). Suppose k*i + 5*a = 19, -2*i - i + 5*a + 29 = 0. List the prime factors of i.
2
Suppose i - 4*i = -126. What are the prime factors of i?
2, 3, 7
Suppose 3*g - 522 = 180. What are the prime factors of g?
2, 3, 13
Let q(k) = -3*k - 1. Let o be q(-2). Suppose 0 = o*f - 5*h - 25, -76 = -4*f - 5*h - 11. What are the prime factors of f?
2, 5
Suppose 3*d + 5 = -2*f, 0 = -5*f - d + 7 + 13. Suppose f*i - 8*i = -48. What are the prime factors of i?
2
Suppose -3*o + 5*o - 3 = -3*c, -o - 4*c = 1. Let k(z) = z**2 - z - 2. Let h be k(o). Let t = 12 - h. List the prime factors of t.
2
Let g(d) = -d**3 + d. Let h be g(1). Suppose w - 5*v = 5, -w - 3*w + v + 39 = h. What are the prime factors of w?
2, 5
Suppose -5*m + m = -140. List the prime factors of m.
5, 7
Suppose 0 = -9*g + 3*g + 1524. List the prime factors of g.
2, 127
Let b = 491 - 211. List the prime factors of b.
2, 5, 7
Let p be (36/(-3))/(0 - 1). List the prime factors of (0 - (1 + 1)) + p.
2, 5
Suppose -2*g + 0*i - 3*i = -53, -5*g + 3*i + 143 = 0. Suppose 1 = -z + g. List the prime factors of z.
3
Suppose -4 = 5*t - 29. Suppose t*l - 10 - 145 = 0. List the prime factors of l.
31
Let o(y) = -3*y - 8. Let d = -2 - 4. What are the prime factors of o(d)?
2, 5
Let u = -3 - -6. List the prime factors of u.
3
Suppose -2*r + 24 = v + 2, -2*r = -v + 42. What are the prime f